est common factor of 7 and n?
7
Suppose 4*d = 3*m - 580 - 15, -m - 5*d + 230 = 0. Suppose -2*p - 13 = -m. Calculate the highest common factor of 32 and p.
32
Let r be ((-33)/(-7) + -5)*-35. Calculate the greatest common factor of r and 680.
10
Suppose -3*t - 147 = -2*s, -62 = t - 4*s - 3. Let i be t/(-3) - (5/3 - 1). Calculate the greatest common divisor of 15 and i.
15
Let m(z) = 3*z - 7. Let f(u) = 21*u. Let b be f(1). Suppose b + 14 = 5*s. Let t be m(s). Calculate the greatest common factor of 21 and t.
7
Let t be 2/3 - 1792/(-12). Suppose -17*z + 13*z + 45 = -3*y, 0 = -4*z + y + 55. What is the highest common divisor of z and t?
15
Suppose -4*b + 4*z = -5452, 0 = 4*b - b + 4*z - 4068. What is the highest common factor of b and 85?
85
Let d be 21 + (1 - 4) + -1. Suppose 0 = 2*y - 71 - d. Let s(j) = 37*j - 1. Let p be s(3). Calculate the greatest common factor of y and p.
22
Suppose -2*k = -2*c + 8, 3*k - 2 = -5*c - k. Suppose s + 3*b = -s + 33, c*s = 5*b + 9. What is the greatest common factor of s and 60?
12
Let z = -517 - -660. Calculate the highest common divisor of z and 26.
13
Let v = -28 + 31. Suppose 0*c = v*c - 15. Suppose -4*o = c*w - 871, o + 3 = 2. Calculate the highest common factor of 70 and w.
35
Let s(l) = l + 37*l**2 - 1 + 40*l**2 + 0*l. Let y be s(1). Let z = -109 + 116. What is the greatest common factor of z and y?
7
Let m be 4 - (0 - 0) - 2. Let z be (-6 - -10)/(m/19). What is the highest common factor of 19 and z?
19
Let t be -3 + (24 - (-5 + 8)). Suppose 14*o - 457 = 551. What is the highest common factor of o and t?
18
Let t(s) = 40*s - 152. Let r be t(4). Calculate the highest common factor of 1112 and r.
8
Let c be (-8)/48 + 206/12. Suppose 3*h - c = 19. Let m be 964/h - 2/6. Calculate the greatest common divisor of 10 and m.
10
Let j be 3/18 + (-65)/30. Let i be (j/6)/(6/36). Let f be (-30)/(2 + i + -1). Calculate the greatest common factor of 3 and f.
3
Let u = -206 - -220. Calculate the greatest common factor of u and 154.
14
Let i(u) be the second derivative of -7*u**3/6 - 3*u**2/2 - 4*u. Let f be i(-2). Calculate the highest common divisor of 77 and f.
11
Let i(k) = -2*k**2 + 4*k + 7. Let a be i(9). Let d = 25 + a. Let x be 17/68 + d/(-8). What is the highest common divisor of x and 8?
4
Suppose 3*w - 327 = -0*w - 3*d, -w - 3*d = -117. Suppose -7*p + 287 = w. Calculate the highest common factor of 65 and p.
13
Let r be 2 + (-23)/(-2) + (-81)/(-54). Calculate the highest common divisor of 300 and r.
15
Let b = -391 + 401. What is the greatest common factor of b and 170?
10
Let t be (-436)/(-8) + (-2)/(-4). Suppose w = -v - v + t, 2*v - 3*w - 75 = 0. What is the highest common factor of 60 and v?
30
Suppose h - 7*h + 120 = 0. Suppose 0 = 3*k + 2*l - 70, 3*k = 4*k - l - h. Calculate the highest common factor of k and 110.
22
Let o(w) = -w + 21. Let q(x) = -4*x**2 - 4*x - 3. Let p be q(-2). Let g be o(p). Calculate the highest common divisor of g and 352.
32
Let w(v) = -4*v**2 - v**2 + 4*v**2 - 2 - 2 + 14*v. Let d be w(4). Calculate the greatest common divisor of d and 4.
4
Let o = 71 - 66. Suppose 3*j = 4*i + 18, -4*j + i + o = -6. What is the greatest common factor of j and 1?
1
Suppose 2618 - 13706 = -72*u. Suppose 0*o - 42 = -3*o. What is the highest common divisor of u and o?
14
Suppose -4*t + 42 = -3*t. Let p = 60 - t. What is the greatest common divisor of 6 and p?
6
Let o = 61 - 0. Let d = 112 - o. Calculate the highest common factor of 17 and d.
17
Let z(o) = 14*o. Let q(f) = 2*f**2 + 2*f + 1. Let l be q(-1). Let h be (0 + l)*-11*-1. Let s be z(h). Calculate the greatest common factor of s and 14.
14
Let a be (32 + -5)/(6/20). Let z(v) = v**2 + 16*v + 3. Let f be (-10)/15 - 110/6. Let l be z(f). What is the highest common divisor of l and a?
30
Suppose 5*o + 5 + 0 = 3*d, 3*d - 23 = -4*o. Suppose -4*w - y + 81 = 0, -d*w = -4*y - 102 + 27. Calculate the greatest common divisor of 247 and w.
19
Let j(y) = -9*y - 2. Let w be j(-3). Let k = 244 - 169. What is the highest common factor of k and w?
25
Let b = -398 + 412. Calculate the greatest common divisor of 112 and b.
14
Suppose 15*t = 1093 + 1607. Calculate the highest common divisor of 63 and t.
9
Let d = 550 + -484. What is the greatest common factor of d and 84?
6
Suppose -16 = 2*d - 5*y, -3*d + 3*y = 23 + 1. Let u be -8*(-4)/d*-20. Calculate the highest common factor of u and 10.
10
Let h(d) = -14*d. Let i be h(-5). Let c be (-2)/(-4)*(-144)/(-12). Let f be (100/(-15))/(c/(-9)). What is the greatest common factor of f and i?
10
Let l be (-608)/(-34) + -4 - 2/(-17). What is the greatest common divisor of l and 658?
14
Let l be (-238)/(-3) - (-3)/(-9). Calculate the highest common divisor of l and 553.
79
Let f = 101 - 82. Suppose 0 = -3*j + f + 20. Calculate the greatest common divisor of 143 and j.
13
Suppose j = 2*j - 2064. Calculate the greatest common divisor of 48 and j.
48
Let v = -1089 - -1193. Let i(o) = 27*o - 1. Let t be i(1). What is the greatest common divisor of t and v?
26
Let l(u) = -59*u**3 - 5*u**2 + u + 6. Let o be l(-2). What is the greatest common factor of o and 24?
24
Let r be (-7 - -1) + (-900)/(-100). Calculate the greatest common factor of r and 21.
3
Let l = 681 - 675. What is the highest common divisor of l and 6?
6
Suppose 8*x - 231 = -151. Let m(o) = o**3 + 7*o**2 - o - 6. Let r be m(-7). Let u(n) = 26*n - 1. Let f be u(r). What is the highest common divisor of x and f?
5
Let w be 6 + (-3 - (0 - 1)). Suppose -5*c - 5*g - 145 = 0, -2*c + g = -g + 74. Let t = 11 - c. Calculate the highest common divisor of t and w.
4
Let l = 944 + -678. What is the greatest common divisor of 14 and l?
14
Suppose -f + 50 = -3*w, -13 = f + w - 55. Let y = 52 - 86. Let d = y + 38. Calculate the highest common divisor of d and f.
4
Let b(i) = -96*i + 213. Let p be b(2). Calculate the greatest common factor of p and 7.
7
Let k = 7 + -4. Let m = -50 + 82. Suppose -4*c = -4*y - m, 4*c - 5*y - 37 + 3 = 0. What is the greatest common factor of c and k?
3
Suppose -f - 145 = -6*f. Let q = 65 - f. Calculate the greatest common factor of q and 18.
18
Suppose -3*a = 2*r - 5*r - 429, 0 = -3*a + 2*r + 430. Calculate the highest common factor of a and 16.
16
Let v = 17 - 13. Suppose v*p - 2*m = 24, 3*p - 3 - 24 = -3*m. Calculate the highest common divisor of 63 and p.
7
Let u(t) = -t**3 + 64*t - 13. Let j be u(7). Calculate the highest common factor of 253 and j.
23
Let q be ((-15)/(-6))/(290/9164). Calculate the highest common factor of q and 1817.
79
Let c = 1734 - 1718. What is the greatest common divisor of 448 and c?
16
Let z be (-3)/(-5 - 248/(-52)). Let o be 22/(-143) - (-353)/z. Calculate the greatest common divisor of 81 and o.
27
Let t = -678 + 681. What is the greatest common factor of t and 81?
3
Let v = 22 + -24. Let k be (v - 3/2)*-12. What is the greatest common divisor of k and 126?
42
Let c(r) = -2*r**3 - r**2 + r - 2. Let t be c(-3). Suppose 5*i + 2 = 7. Let x be i/(-2)*-2*10. Calculate the greatest common divisor of t and x.
10
Let c be 1688 + -2 - (12 - 3). Calculate the greatest common factor of 39 and c.
39
Let r = -462 + 504. What is the highest common divisor of r and 189?
21
Suppose -12 = 3*r, 0*u = 5*u + 4*r + 181. Let i = u - 12. Let g be (-3 - -5) + -5 - i. Calculate the highest common factor of g and 14.
14
Let t = -788 - -1451. Calculate the highest common factor of 78 and t.
39
Let y = 26 + -11. Let b be 4/(-6 - -2) + 10/5. Let m be 54/(-72)*(b + -5). What is the greatest common divisor of m and y?
3
Suppose 0 = 3*l + 2*l + x - 87, 0 = l - x - 21. Let f = 34 + l. Let b = 27 - 14. Calculate the greatest common divisor of b and f.
13
Let m(l) = -2*l - 2. Let o be m(-8). Suppose -o*u = -13*u - 10. What is the greatest common factor of 10 and u?
10
Let l be (-1)/(-5) + 276/(-5). Let v = 85 + l. What is the highest common factor of v and 40?
10
Let a(f) = f**2 + 6*f + 6. Let u be a(-3). Let q = 11 + u. Let c be ((-12)/q)/(6/(-8)). What is the greatest common factor of c and 5?
1
Suppose -4*u = 2*h - 22, -2*h = 1 - 3. Suppose 10*n = u*n + 80. Calculate the highest common divisor of n and 4.
4
Suppose -13*z + 14*z = 0. Suppose -5*q + z*k = k - 1399, 0 = 4*q + 3*k - 1128. Calculate the greatest common divisor of 31 and q.
31
Let d be 